ne a(-9).
22
Let n(k) = k - 35. Determine n(17).
-18
Let r(c) = 3*c**2 - c - 2. Give r(-1).
2
Let p(n) = -2*n + 3. Calculate p(4).
-5
Let x(b) = -b**3 + 2*b**2 + 4*b - 11. Calculate x(4).
-27
Let u(x) = x**3 - 6*x**2 + 8*x + 2. What is u(2)?
2
Let u(v) = -2*v**3 + 4*v + 2. Calculate u(-3).
44
Let s(w) = w**3 + 2*w**2 - w. What is s(-3)?
-6
Let s(k) = 2*k - 2. Determine s(9).
16
Let b(l) = 22*l - 174. Give b(8).
2
Let v(o) = 3*o + 67. Determine v(-17).
16
Let h(b) = -b**3 + 15*b**2 - 25*b + 143. Calculate h(14).
-11
Let q(y) = -y**3 + 2*y**2 - 2*y - 80. Determine q(0).
-80
Let s(y) = 2*y**2 + 48*y + 20. Give s(-23).
-26
Let a(h) = -11*h - 15. Give a(8).
-103
Let f(k) = k**2 + 13*k - 344. What is f(13)?
-6
Let w(f) = -20*f + 55. What is w(4)?
-25
Let d(z) = 8*z - 166. What is d(21)?
2
Let p(a) = a**3 + 15*a**2 - 4*a - 28. Calculate p(-15).
32
Let k(b) = -b**2 + 17*b + 21. Determine k(13).
73
Let p(b) = -b**3 - 7*b**2 + 5*b + 3. Give p(-8).
27
Let k(h) = -h**3 - 7*h**2 + 3*h + 9. What is k(-7)?
-12
Let i(a) = -a**3 - 12*a**2 - 26*a - 20. What is i(-10)?
40
Let p(a) = 13*a + 12. Calculate p(2).
38
Let c(y) = y**3 - 9*y**2 + 4*y + 15. Determine c(8).
-17
Let o(i) = i**3 - 9*i**2 + 11*i - 4. Give o(7).
-25
Let n(i) = 2*i**3 - 5*i**2 - 11*i - 3. Calculate n(4).
1
Let x(l) = -l**2 - 10*l - 14. Calculate x(-11).
-25
Let g(v) = -2*v**3 - 9*v**2 - 4*v + 4. Calculate g(-4).
4
Let c(d) = -20*d + 32. What is c(-4)?
112
Let z(x) = -13*x - 25. What is z(-5)?
40
Let m(l) = -l**3 - 17*l**2 + 17*l + 26. Give m(-18).
44
Let t(b) = 3*b - 13. What is t(0)?
-13
Let g(t) = -5*t. Calculate g(0).
0
Let j(p) = -p**3 + 6*p**2 + 21*p - 120. What is j(6)?
6
Let w(z) = 7*z**2 + z - 13. Determine w(-3).
47
Let d(q) = q**3 + 5*q**2 - 14*q. Determine d(-7).
0
Let x(q) = -q**2 - 10*q - 11. Give x(-6).
13
Let i(q) = q**3 + 2*q**2 - 36. What is i(0)?
-36
Let h(o) = 14*o**3 - 3*o + 2. What is h(1)?
13
Let s(d) = -61*d + 9. Give s(-1).
70
Let b(y) = -4*y - 186. What is b(-34)?
-50
Let n(u) = -5*u - 13. Give n(-8).
27
Let i(u) = 2*u**3 + u + 5. Give i(0).
5
Let i(k) = -10*k**3 + k**2 + k - 2. What is i(1)?
-10
Let v(g) = -9*g - 101. Give v(-11).
-2
Let d(n) = -n**3 + 2*n**2 + 6*n + 3. What is d(-2)?
7
Let r(j) = 5*j - 64. What is r(16)?
16
Let m(x) = -4*x - 58. Calculate m(-15).
2
Let z(o) = o**2 - 15*o - 21. Calculate z(16).
-5
Let b(p) = p**2 - 15*p + 16. Give b(7).
-40
Let w(c) = -3*c**2 - 28*c - 79. Give w(-6).
-19
Let u(h) = 21*h - 318. Determine u(15).
-3
Let j(y) = -5*y**3 - y. What is j(1)?
-6
Let j(v) = v**3 + 6*v**2 + 7*v - 1. Determine j(-4).
3
Let u(a) = 28*a - 19. Calculate u(7).
177
Let f(x) = -x**3 - 11*x**2 - 11*x + 63. Calculate f(-9).
0
Let u(j) = j**3 + 6*j**2 - 2*j - 6. Calculate u(-6).
6
Let o(p) = -p**3 + 14*p**2 - 10*p - 13. What is o(13)?
26
Let m(p) = -p**2 + 6*p + 2. Determine m(5).
7
Let a(j) = j + 7. What is a(-4)?
3
Let a(u) = -u - 26. Give a(-14).
-12
Let i(y) = y**3 + 10*y**2 + 16*y + 1. Give i(-8).
1
Let o(q) = -3*q + 16. Give o(8).
-8
Let s(n) = 11*n + 1131. What is s(-103)?
-2
Let y(v) = v**3 - v**2 - 3. What is y(0)?
-3
Let i(w) = w**3 + 4*w**2 - 7*w - 9. Determine i(-5).
1
Let d(l) = -l**2 - 3*l + 6. What is d(8)?
-82
Let f(w) = 7*w + 4. Determine f(-5).
-31
Let k(n) = -n + 8. Give k(8).
0
Let l(r) = r**3 + 7*r**2 + 4*r - 32. Calculate l(-6).
-20
Let b(w) = -6*w**2 + 1. Calculate b(1).
-5
Let b(l) = -l + 14. Give b(8).
6
Let q(s) = -s**2 - 8*s. Give q(-7).
7
Let d(k) = -4*k**2 + 80*k - 5. Determine d(20).
-5
Let i(p) = 2*p**3 - 5*p**2 - p - 12. Calculate i(4).
32
Let h(c) = 3*c + 1. Calculate h(-1).
-2
Let n(d) = d - 1. Give n(-6).
-7
Let c(f) = f**3 + 10*f**2 + 7*f + 21. What is c(-9)?
39
Let u(l) = l**3 + 3*l**2 + l - 7. Calculate u(-3).
-10
Let b(v) = -3*v**3 + 17*v**2 + 10*v. Give b(6).
24
Let y(i) = i**3 - 19*i**2 + 37*i - 3. Determine y(2).
3
Let x(k) = k**3 - k**2 - 2*k - 2. Calculate x(-3).
-32
Let k(i) = i**3 - 12*i**2 + 25*i - 94. Calculate k(11).
60
Let b(a) = a**2 - 170*a - 873. What is b(-5)?
2
Let c(b) = -b**3 - 2*b**2 + b - 1. Determine c(-3).
5
Let d(u) = 3*u**2 - 3*u - 6. Give d(3).
12
Let a(s) = 2*s**2 - 23*s + 10. What is a(11)?
-1
Let y(z) = -z**2 - 29*z + 37. What is y(-31)?
-25
Let u(f) = 13*f**3 - f**2 - 3*f + 5. What is u(1)?
14
Let o(b) = b**3 - 9*b**2 + 7*b + 4. Give o(8).
-4
Let v(x) = 5*x + 1. Calculate v(-1).
-4
Let c(m) = m + 16. Calculate c(-8).
8
Let y(u) = 4*u + 3. Give y(-9).
-33
Let j(c) = -4*c - 49. Give j(-20).
31
Let u(k) = -k**2 - 2*k + 11. What is u(4)?
-13
Let h(p) = p**3 - 4*p**2 - 5*p - 12. What is h(6)?
30
Let w(z) = z**3 + 11*z**2 - 18*z - 24. Calculate w(-12).
48
Let i(o) = 5*o + 1. Calculate i(6).
31
Let r(a) = -a**3 + 6*a**2 + 8*a - 13. Calculate r(7).
-6
Let d(o) = o**2 + o + 7. Determine d(-6).
37
Let y(x) = x**3 + 11*x**2 - 13*x + 5. What is y(-12)?
17
Let q(s) = -s**3 + 19*s**2 - s + 20. What is q(19)?
1
Let t(b) = b**3 - b - 22. Determine t(0).
-22
Let i(t) = t**2 - 11*t + 12. Determine i(10).
2
Let m(s) = s**3 + 3*s**2 - 3*s - 4. What is m(-3)?
5
Let y(a) = 2*a**2 + 23*a - 27. Determine y(-13).
12
Let m(s) = -23*s. Determine m(1).
-23
Let a(c) = -c**3 - 8*c**2 - 2*c + 1. Calculate a(-7).
-34
Let w(h) = -18*h**2 + 16*h + 15. What is w(-1)?
-19
Let v(q) = q**3 + 3*q**2 + q + 9. What is v(-4)?
-11
Let o(i) = i - 3. Give o(1).
-2
Let y(u) = -16*u - 310. What is y(-19)?
-6
Let g(y) = -6*y**2 + 15*y + 14. Calculate g(-1).
-7
Let c(n) = 8*n**2 + 5*n - 16. Give c(5).
209
Let h(j) = -j - 8. Determine h(4).
-12
Let u(s) = -9*s**2 + 19*s - 30. Determine u(2).
-28
Let d(f) = f**3 + 27*f**2 + 25*f - 33. Calculate d(-26).
-7
Let p(n) = -2*n + 6. Determine p(4).
-2
Let o(n) = -n**3 - 11*n**2 + n + 62. Give o(-11).
51
Let k(y) = -y**3 + 12*y**2 + 10*y + 31. Calculate k(13).
-8
Let d(p) = p**2 + 6*p - 2. Determine d(-6).
-2
Let c(f) = f**2 - 9*f - 134. Determine c(17).
2
Let x(c) = c**2 - 9*c - 17. Determine x(-2).
5
Let c(r) = -2*r**2 + 10*r - 2. What is c(-3)?
-50
Let v(r) = -44*r**3 + 2*r**2 - r. Calculate v(1).
-43
Let b(k) = k**3 + 19*k**2 + 19*k + 15. Give b(-18).
-3
Let x(m) = -3*m**3 - 2*m - 1. What is x(-1)?
4
Let g(t) = t. Determine g(18).
18
Let g(t) = -11*t - 9. Calculate g(-7).
68
Let m(b) = 31*b - 449. Calculate m(14).
-15
Let q(p) = -p**3 - 4*p**2 + 9*p + 14. What is q(-5)?
-6
Let j(c) = -83*c + 42. Determine j(1).
-41
Let p(z) = -z**2 - 3*z + 229. Determine p(-16).
21
Let h(d) = d**3 + 16*d**2 + 7*d + 48. Calculate h(-16).
-64
Let u(i) = 10*i - 9. Determine u(-5).
-59
Let w(u) = 3*u - 46. What is w(14)?
-4
Let n(i) = i**3 - 17*i**2 + 36*i - 23. Calculate n(14).
-107
Let r(n) = 10*n + 65. Calculate r(-7).
-5
Let c(w) = -9*w**2 + 4*w + 5. Give c(-2).
-39
Let w(l) = -l**3 + 3*l**2 + 4*l - 5. Determine w(4).
-5
Let j(p) = -10*p**2 + 6. Calculate j(2).
-34
Let c(k) = -k**2 - 4*k + 5. What is c(-6)?
-7
Let i(u) = -10*u**2 + 6*u + 18. Give i(-4).
-166
Let b(w) = 9*w + 134. Determine b(-16).
-10
Let u(i) = i - 4. Determine u(9).
5
Let b(a) = -3*a**2 + 7*a + 95. Give b(7).
-3
Let r(l) = -l + 5. What is r(4)?
1
Let w(z) = -2*z**2 - 19*z - 7. Calculate w(-9).
2
Let k(w) = w**2 - 2*w + 2. Calculate k(1).
1
Let q(s) = -33*s + 263. Calculate q(8).
-1
Let i(x) = x**2 - 3*x - 5. Determine i(8).
35
Let w(o) = -o + 15. Calculate w(-7).
22
Let w(h) = -h**2 - 5*h - 1. Give w(-7).
-15
Let d(q) = q**2 - 21*q - 65. What is d(24)?
7
Let x(l) = -l**3 + l**2 + 2*l - 2. What is x(1)?
0
Let h(x) = -5*x - 2. Calculate h(10).
-52
Let l(g) = g**3 - 61*g**2 + 55*g + 298. Determine l(60).
-2
Let i(g) = 2*g + 16. What is i(-8)?
0
Let y(l) = -3*l + 9. Give y(-10).
39
Let o(r) = -r**3 + 2*r**2 - r + 6. Give o(4).
-30
Let d(f) = -25*f - 1291. Calculate d(-52).
9
Let l(a) = 13*a**2 + 4*a + 3. Calculate l(-1).
12
Let y(d) = -d**2 + 47*d - 140. Determine y(44).
-8
Let r(l) = l**2 - 22*l + 40. Determine r(20).
0
Let p(j) = j**3 + 5*j**2 + 11*j + 6. What is p(-4)?
-22
Let m(s) = -44*s - 497. Determine m(-11).
-13
Let q(w) = 4*w + 132. Calculate q(-32).
4
Let f(h) = -11*h**3 - 2*h + 2. Calculate f(1).
-11
Let y(o) = -o + 21. Determine y(15).
6
Let s(x) = x + 20. What is s(17)?
37
Let h(d) = d**2 + 3*d - 5. Determine h(2).
5
Let z(u) = u - 62. Give z(0).
-62
Let r(z) = 2*z**2 - 3*z + 3. Calculate r(3).
12
Let m(s) = -4*s**2 - 14*s - 